hat is the highest common factor of 5772085 and 6050?
55
What is the highest common divisor of 37095 and 170460?
15
What is the highest common divisor of 1570332 and 5136?
1284
Calculate the highest common factor of 2844534 and 210.
42
Calculate the greatest common divisor of 86230 and 17190.
10
Calculate the greatest common divisor of 6446511 and 36.
9
What is the greatest common divisor of 3496 and 22074618?
874
What is the highest common divisor of 13725 and 6019175?
1525
What is the highest common factor of 284993984 and 44?
44
What is the highest common factor of 77 and 72545?
11
What is the highest common factor of 33785456 and 1896?
632
Calculate the highest common factor of 3432213794 and 62.
62
Calculate the greatest common divisor of 1137796 and 17138.
418
Calculate the greatest common factor of 7902 and 401805286.
878
Calculate the greatest common divisor of 37352 and 336973.
161
What is the highest common divisor of 1045 and 1901020?
55
Calculate the greatest common divisor of 104367 and 29393043.
5493
Calculate the greatest common divisor of 5714740 and 315630.
1670
What is the greatest common divisor of 3652340 and 130?
10
What is the greatest common divisor of 30426 and 63822?
66
What is the greatest common factor of 161 and 1044491?
7
What is the greatest common factor of 410575 and 340175?
275
Calculate the greatest common factor of 71587 and 55029.
17
Calculate the greatest common factor of 6460608 and 12369.
399
What is the highest common divisor of 49518 and 25095?
21
Calculate the highest common divisor of 257803925 and 50.
25
Calculate the highest common divisor of 143908843 and 13.
13
What is the highest common factor of 1803573081 and 3629?
3629
What is the greatest common factor of 428 and 379819933?
107
Calculate the highest common factor of 655845112 and 829.
829
Calculate the greatest common factor of 4 and 20025.
1
Calculate the highest common factor of 1156238 and 41686.
2194
What is the highest common divisor of 1387476 and 3756834?
1566
Calculate the highest common factor of 882 and 617750.
14
What is the greatest common factor of 22365 and 9164085?
105
What is the greatest common divisor of 237335 and 2345?
35
Calculate the greatest common divisor of 197248846 and 62.
62
What is the highest common factor of 448090308 and 144?
36
What is the highest common factor of 22176211 and 1207?
1207
What is the greatest common factor of 36100625 and 25?
25
What is the highest common divisor of 41170010 and 1454?
1454
What is the greatest common divisor of 298832 and 1007?
19
Calculate the greatest common factor of 399655 and 12730.
335
Calculate the highest common factor of 17601354 and 81.
27
What is the greatest common factor of 24707137 and 1326?
221
What is the greatest common factor of 17818 and 45154738?
302
What is the highest common divisor of 203 and 5238647?
29
What is the highest common divisor of 656635 and 1918805?
2555
Calculate the highest common factor of 76 and 18009226.
38
What is the greatest common divisor of 7056 and 146250468?
252
Calculate the highest common factor of 124914 and 650355.
573
What is the greatest common factor of 26750 and 106679?
107
What is the greatest common factor of 54531 and 367920?
657
Calculate the highest common divisor of 59336 and 1024.
8
What is the greatest common divisor of 91 and 268343?
1
Calculate the highest common factor of 1520 and 5070815.
95
What is the greatest common factor of 10758820 and 20?
20
Calculate the greatest common factor of 8137850 and 25150.
50
What is the greatest common factor of 20199865 and 66125?
2645
Calculate the greatest common divisor of 76187639 and 11.
11
What is the highest common factor of 24 and 38362032?
24
What is the greatest common divisor of 174 and 1966577?
29
What is the highest common factor of 20912108 and 28?
28
What is the highest common factor of 1118729 and 83611?
691
Calculate the highest common divisor of 272 and 623871304.
136
Calculate the greatest common factor of 48980 and 32905.
5
What is the highest common divisor of 56 and 17070410?
14
What is the greatest common divisor of 19650070 and 451?
451
Calculate the highest common divisor of 4 and 4677082.
2
Calculate the greatest common factor of 2596 and 236148.
44
What is the greatest common divisor of 42896 and 289627664?
6128
What is the highest common factor of 119091 and 53424?
1113
Calculate the highest common divisor of 44604 and 275324.
28
What is the greatest common divisor of 794808 and 43624?
1064
What is the highest common factor of 293160483 and 7317?
2439
Calculate the greatest common factor of 532929 and 33.
3
What is the greatest common factor of 644354 and 24289?
107
What is the highest common factor of 220095183 and 7182?
399
Calculate the greatest common factor of 306510 and 21930.
510
Calculate the highest common divisor of 4627 and 4798860.
661
Calculate the highest common divisor of 42154958 and 188.
94
Calculate the highest common factor of 3657640 and 13720.
280
Calculate the greatest common factor of 325 and 8086715.
65
What is the highest common divisor of 255 and 6312150?
15
What is the greatest common divisor of 26643824 and 128?
16
Calculate the greatest common factor of 3806048 and 8.
8
What is the greatest common factor of 494891 and 667?
23
What is the greatest common factor of 38464 and 1173248?
64
Calculate the highest common divisor of 81282042 and 4374.
4374
What is the greatest common divisor of 483780 and 32010?
330
Calculate the highest common divisor of 2649625 and 4776375.
5875
Calculate the greatest common divisor of 343838 and 1166.
22
What is the greatest common factor of 155 and 4315665?
155
What is the greatest common factor of 1098205 and 529344?
919
Calculate the highest common factor of 30 and 47162415.
15
Calculate the greatest common factor of 1640812 and 28.
4
What is the highest common factor of 4170163 and 716?
179
What is the highest common divisor of 6636847 and 91?
7
What is the highest common divisor of 75550 and 27074098?
3022
Calculate the greatest common factor of 1440 and 162080280.
360
What is the greatest common divisor of 3915 and 4587075?
1305
What is the greatest common divisor of 38700 and 47190?
30
Calculate the greatest common divisor of 77212 and 255914.
398
Calculate the highest common divisor of 28 and 221716.
4
Calculate the highest common factor of 124 and 292330.
62
What is the greatest common factor of 25479789 and 10539?
3513
Calculate the highest common divisor of 8509949 and 13510.
1351
What is the greatest common factor of 17727615 and 135?
45
What is the greatest common divisor of 5666212 and 343204?
956
Calculate the greatest common divisor of 100347909 and 7692.
1923
What is the greatest common divisor of 15892904 and 96?
8
Calculate the highest common factor of 170565 and 2285820.
1245
Calculate the highest common factor of 7083018 and 12528.
1566
Calculate the highest common divisor of 193349 and 363207.
1807
What is the highest common factor of 1905 and 2204466?
381
Calculate the highest common factor of 39362880 and 313.
313
Calculate the greatest common factor of 161533 and 279462.
991
What is the greatest common divisor of 37513 and 410711?
161
What is the highest common divisor of 1340 and 852246030?
670
Calculate the highest common factor of 451 and 11023301.
41
Calculate the greatest common factor of 20070857 and 2954207.
12679
Calculate the greatest common divisor of 7579602 and 189.
27
What is the highest common factor of 7369196 and 67?
67
Calculate the greatest common divisor of 2321350 and 62813.
2731
What is the highest common divisor of 4301 and 3031952?
253
Calculate the highest common divisor of 848 and 140306476.
212
Calculate the greatest common divisor of 9890 and 1508846.
46
What is the highest common divisor of 382 and 6203489?
191
Calculate the greatest common divisor of 1183548 and 1963764.
6612
Calculate the greatest common factor of 2527 and 26663099.
361
Calculate the highest common factor of 1147 and 1375512.
37
Calculate the greatest common factor of 20625 and 3700.
25
What is the greatest common factor of 142382106 and 1997?
1997
Calculate the greatest common factor of 790 and 270430.
10
Calculate the greatest common factor of 600 and 7050425.
25
Wh